re the prime factors of (-1390)/(-22) - r/(-99)?
3, 7
Let j = -56 + 52. Let h(f) = 1 - f - 4 + f**2 - 1. What are the prime factors of h(j)?
2
Suppose -3*x = -5*z + 1536, 3*z + 2*x = -0*x + 933. Suppose -19 + z = 5*d. List the prime factors of d.
2, 29
Suppose n - 5 = -3*d, -d - n = 2*n + 1. Suppose -43*h = -557 + 41. Suppose -3*o = -h, -d*m + 86 = o + o. What are the prime factors of m?
3, 13
Let v(w) = w - 9. Let h(z) = -z + 10. Let j(x) = 2*h(x) + 3*v(x). List the prime factors of j(9).
2
Suppose -2*q = -3*j - 956, -11*q - 504 = -12*q - 5*j. What are the prime factors of q?
2, 11
Let o be (8/12)/1*3. Let h be (-5 + 11)*o/4. Suppose 4*t + 4*b = -t + 149, t + h*b = 32. List the prime factors of t.
29
Let y = -28 + 28. Suppose y*l = l - 110. What are the prime factors of l?
2, 5, 11
Suppose 7695*n = 7683*n + 6828. List the prime factors of n.
569
Let x(w) = -4*w + 8. Suppose 0 = 3*c - 25 - 2. Let h be x(c). Let s = 50 + h. List the prime factors of s.
2, 11
Suppose -6 = 3*l - 12. What are the prime factors of (-1 - -195)/l - -3?
2, 5
Let d(q) = 6*q + 30. What are the prime factors of d(4)?
2, 3
Suppose 2*i + 5*i = 714. Suppose -2*d - 24 = 3*l - i, -4*d - 96 = -3*l. What are the prime factors of l?
2, 7
Let r(y) = y**3 + y**2 - y. Let o be r(1). Let h be (-4555)/(-20) + o/4. What are the prime factors of 6/(-33) + h/44?
5
Suppose 40*o - 41*o = -66. List the prime factors of o.
2, 3, 11
Let q(s) = 5*s + 1. Let y(r) = -r**3 - 9*r**2 - 9*r - 7. Let p be y(-8). Let n be q(p). What are the prime factors of n/(2/((-12)/(-9)))?
2
Suppose -2*i - 4*z + 537 = 67, -3*i = -3*z - 687. List the prime factors of i.
3, 7, 11
Let h be 0*((-9)/(-6) + -2). Suppose 3*f - 2*n - 32 = h, 42 = 4*f + 5*n - 16. Suppose 7*g = 5*g + f. What are the prime factors of g?
2, 3
Suppose -2*k = -2*s - 24, -2*s + 46 = -5*s - 2*k. Let i = s + 19. Suppose q - 30 = -4*g, -4*q + i*g = g - 140. List the prime factors of q.
2, 17
Suppose 0 = 27*k + 616 - 14116. List the prime factors of k.
2, 5
Suppose -1012*q = -1016*q + 8128. What are the prime factors of q?
2, 127
Let f(x) = x**3 + 13*x**2 - 32*x - 2. What are the prime factors of f(-13)?
2, 3, 23
Suppose 0 = -7*m + 10*m + 261. Let u = -53 - m. What are the prime factors of u?
2, 17
Suppose s + 6 = 7. What are the prime factors of -1*((3 - s) + -64)?
2, 31
Suppose 2*t - 3*q = q - 4, 2*t = 5*q - 6. Suppose -t + 17 = 5*w, 4*o - 69 = 5*w. List the prime factors of o.
3, 7
Let w = 45 - 40. Suppose w*c - 15 = 0, 0*p = p - 2*c - 20. What are the prime factors of p?
2, 13
Suppose 1046 = -m - 4*m - 4*j, 0 = 5*m - 3*j + 1053. What are the prime factors of (-6)/(36/m) - 2?
3, 11
Let f be 15/9 + 2/(-3). Let m = 3 - f. Suppose m*q - 5*v = 3*q - 38, 66 = 3*q + 3*v. What are the prime factors of q?
2, 3
Let a(h) = 6*h - 16. Let t be (8 - 12/3) + 3. Let p = 18 - t. What are the prime factors of a(p)?
2, 5
Suppose 2*x + x - 9 = 0. Suppose 69 + 228 = -x*j. Let k = j + 147. What are the prime factors of k?
2, 3
Suppose -4*c - 1756 = -8*c. List the prime factors of c.
439
Suppose -379 = -4*h - 7. What are the prime factors of h?
3, 31
Suppose -9 = 4*l - 21. Suppose 2*p + 4*t = -0*p + 64, -4*p - l*t + 113 = 0. What are the prime factors of p?
2, 13
Let t = 2063 - 840. What are the prime factors of t?
1223
Let z = -105 + 327. What are the prime factors of z?
2, 3, 37
Suppose 0 = 3*m + 4*x + 866, 3*m = 5*x + 134 - 982. Let c be m/6*(-16 - -13). Suppose -7*k + 3*k - 3*d + c = 0, k - 17 = 3*d. What are the prime factors of k?
2
Let g be 0/1 - (1 - 13). Let r be (-17)/4 + (-1)/(-4). What are the prime factors of ((-51)/g - 3)*r?
29
Suppose 0 = 4*s + 3*g - 5466, 2*g - 5881 = -3*s - 1782. What are the prime factors of s/52*16/6?
2, 5, 7
Let t(v) be the second derivative of 3*v**3/2 + 29*v**2 + v. What are the prime factors of t(21)?
13, 19
Suppose 5*n + 13*d - 1554 = 17*d, -4*n + 1237 = 3*d. What are the prime factors of n?
2, 5, 31
Let p be 2/10 - (-51)/(-5). Let y = 16 + p. Suppose n - y = -n. List the prime factors of n.
3
Let d(r) = 5*r**3 + 2*r**2 + 710. List the prime factors of d(0).
2, 5, 71
Let d be (6/3 - 0)*2. Suppose -110 = -2*t - 3*c, -c + 4*c = -d*t + 232. What are the prime factors of t?
61
Suppose -19*n + 12*n = -308. What are the prime factors of n?
2, 11
Let a(q) = 1377*q**2 - q - 1. List the prime factors of a(-1).
3, 17
Suppose 0 = -13*m + 12*m + 4*b + 480, -2366 = -5*m + 3*b. List the prime factors of m.
2, 59
Suppose 0 = -3*a - 3*u - 3, 2*a = -2*a + 4*u + 4. Let h(l) = l**3 + 2*l + 71. List the prime factors of h(a).
71
Let f = -467 + 795. List the prime factors of f.
2, 41
Let u = 144 + -224. Suppose -2*v - 3*v = 230. Let z = v - u. What are the prime factors of z?
2, 17
Let j be 29/4*2*2. Let v(t) = 2*t + 53. Let x be v(-25). Suppose 0 = x*r - 4*s - 4 - 33, r + 2*s - j = 0. List the prime factors of r.
19
Let a(g) = -216*g - 76. List the prime factors of a(-13).
2, 683
Let r(v) be the third derivative of -v**6/8 - v**5/20 + v**4/12 + v**3/3 + 15*v**2. What are the prime factors of r(-2)?
2, 53
Suppose 6 = 8*x - 5*x. Suppose g = -3*t + 305 - 53, -x*g = -5*t + 431. What are the prime factors of t?
5, 17
What are the prime factors of 15/((-90)/(-3552)) + -2?
2, 5, 59
Let r = 4280 + -2857. What are the prime factors of r?
1423
Let q(h) = 9*h - 1. Let i be q(-1). What are the prime factors of (2 - i) + 0 + 4?
2
Let d = 10 - 14. Let x be ((-8)/d)/((-1)/(-26)). Suppose 2*o + x = 4*o. List the prime factors of o.
2, 13
Let g(a) = 3*a - 7. Let s(j) = -j**3 + 13*j**2 - 12*j + 3. Let v be s(12). Let m be g(v). Let u = 17 + m. What are the prime factors of u?
19
Let p be 130/78 - (-1)/3. List the prime factors of ((-35)/(-28))/(p/40).
5
Let c = 86 - 86. List the prime factors of 6/6*(52 - (c - -1)).
3, 17
Suppose -2*b - a = -2946, 17*b = 14*b + 7*a + 4402. List the prime factors of b.
2, 23
Suppose -12*u = -42*u + 42720. What are the prime factors of u?
2, 89
Let b(o) = -4*o**3 - 14*o**2 - 3*o + 53. List the prime factors of b(-6).
431
Let r = 96 + -102. List the prime factors of (-3964)/(-22) - r*(-2)/66.
2, 3, 5
Let l = -336 + 568. What are the prime factors of l?
2, 29
Suppose 4*r - 2*p + 6 = 0, 10*p - 5*p = 4*r + 3. What are the prime factors of 5/20*r*-342?
3, 19
Let p(z) be the third derivative of z**6/120 + 2*z**5/15 + z**4/8 + 11*z**3/6 + z**2. Let l be p(-8). List the prime factors of (l/2)/((-1)/2).
13
Let o(m) = 5*m**2 + 2*m - 2. Let w(p) = -p**3 - 13*p**2 - p - 15. Let f be w(-13). List the prime factors of o(f).
2, 7
Let t(s) = s**3 + 5*s**2 + 2*s - 11. Let h be t(-4). What are the prime factors of 270 - h - 0/(-1)?
3, 7, 13
What are the prime factors of (38 - 39)/(((-1)/(-10))/(-1))?
2, 5
Let k = 13 - 5. Let m = k + -14. Let h = m - -12. List the prime factors of h.
2, 3
Let a be 4/4*(-20)/(-4). Suppose 98 = -4*g + a*g. What are the prime factors of g?
2, 7
List the prime factors of ((-34)/38 + 18/(-171))*-279.
3, 31
Suppose -124 = 3*q - 16. Let o be (2/(-4))/((-2)/268). Let k = o + q. List the prime factors of k.
31
Let u(k) = -k**3 + k**2 - k + 24. Let x be u(0). Let s be (-16)/x - 2/(-3). Suppose s = -p + 9 + 3. List the prime factors of p.
2, 3
Suppose 0 = 2*g - l - 206, -2*l = -2*g - 6*l + 196. Suppose -96*z + g*z - 1560 = 0. List the prime factors of z.
2, 5, 13
Let l(d) = -1. Let f(t) = 29*t + 2. Let p(j) = f(j) - 5*l(j). What are the prime factors of p(4)?
3, 41
Let d(a) = 3*a - 11*a**2 + 5 - 2*a + 12*a**2. Let v be d(0). What are the prime factors of 2/(-10) - (-151)/v?
2, 3, 5
Let g(i) = i**2 - 5*i + 14. Suppose -2*d = 5*j - 3*j - 18, -3 = j - 5*d. Suppose 8*l = 9*l - j. List the prime factors of g(l).
2, 7
Suppose 0 = -3*m + 2*z + 54, 4*z - 104 = -4*m - 12. What are the prime factors of m?
2, 5
Let l = -97 + 1084. What are the prime factors of l?
3, 7, 47
Let a = 5 + 0. Suppose -a*h + 9*h = 0. What are the prime factors of (0 - 1) + 3 + h?
2
Let l = 1414 - -481. List the prime factors of l.
5, 379
Suppose 499*s + 160925 = 540*s. What are the prime factors of s?
5, 157
Let x be (16/(-6))/(2*5/(-15)). Suppose -h + m - 5*m + 113 = 0, -5*m = -x*h + 515. What are the prime factors of h?
5
Let z(c) = -67*c - 49. What are the prime factors of z(-24)?
1559
What are the prime factors of (-3280)/4*((-41)/4 + 8)?
3, 5, 41
Let g(